pose -32 = -0*c - 4*c - 4*q, 19 = 2*c + 5*q. Suppose c*j = 2*j + 25. What is the units digit of j?
5
What is the tens digit of 29/(5/15 + 0)?
8
Let a(j) be the third derivative of -j**6/120 + j**5/15 + j**4/24 + 5*j**3/6 - 7*j**2. Suppose 5*q = -5, -4*d + q = 5 - 22. What is the units digit of a(d)?
9
Let j be ((-2)/(-4))/1*6. Suppose j*x - 2*x = 50. What is the tens digit of x?
5
Suppose m = -2*m - 9, 9 = 3*s + 4*m. Let v(i) = -6 + 12*i + 4*i**2 - 4*i + 2*i**2 - i**3. What is the units digit of v(s)?
1
Let z(d) be the third derivative of d**4/24 - d**3 + d**2. What is the units digit of z(10)?
4
Let i = 223 + -146. What is the units digit of i?
7
Let b(k) = -5*k**2 + 4*k + 5 + 4*k**2 + 0*k**2. Let o be b(4). Suppose o*j = -4*z + z + 11, -3*j + 3 = 3*z. What is the units digit of j?
4
What is the tens digit of 12*((-2)/(-3) + 2)?
3
Let q(h) = h**2 + 4. What is the tens digit of q(3)?
1
Let z = 438 + -185. What is the units digit of z?
3
Let p = 44 - -38. What is the tens digit of p?
8
Let w = 733 + -391. What is the units digit of w?
2
Suppose -232 = -3*r + 254. What is the hundreds digit of r?
1
Let f(o) = o**2 + o + 8. Let w be 1/(2/(-4))*2. Let t(h) = -h**2 - 4*h. Let a be t(w). What is the units digit of f(a)?
8
Let g be (-1 - -54) + (1 - 4). Let h = g + -29. What is the units digit of 15*(-1 + h/15)?
6
What is the tens digit of -2 + 1/(4/212)?
5
Let g be -3*(7/3 + -1). What is the units digit of g/18 - 310/(-18)?
7
Suppose n - 123 = -2*u, 33 = -4*n + 3*u + 525. What is the tens digit of n?
2
Let p(b) = -b**2 + 10*b - 2. Let o(i) = 2*i + 1. Let c be o(2). What is the tens digit of p(c)?
2
Suppose i - 1 = -0*i. What is the units digit of i?
1
Suppose -2*h + 11 + 4 = 3*x, x = -4*h + 5. Let i be (3 - -79)/(2 - h). Suppose -4*y = -3*g + i, 2*y + 2 = 4. What is the tens digit of g?
1
Suppose 3*a + 38 = 4*a. Let h = a + -15. What is the units digit of h?
3
What is the units digit of (-2604)/70*(-10)/4?
3
Let m = -201 - -290. What is the units digit of m?
9
Let u(d) = -4*d + 4. Let r(y) be the first derivative of -7*y**2/2 + 7*y - 1. Let w(b) = -3*r(b) + 5*u(b). What is the units digit of w(7)?
6
Let a(f) = 6*f**3 + f**2 + f - 1. Let h be a(1). Let t(z) = z**2 - 6*z - 10. Let x be t(h). What is the units digit of (x/9)/((-3)/81)?
9
Let g(s) = -6*s + 1. Let r be g(-1). Let t = 29 - -5. Suppose -2*w + 1 = r, -4*d + 2*w + t = 0. What is the units digit of d?
7
Let o = 14 + -15. Let y(n) = -32*n**3 + 1. What is the tens digit of y(o)?
3
Suppose -h - 18 = 2*h. Let l = h - -11. Suppose -2*u + 7 = l*x - 0*u, 2*x + u = 2. What is the units digit of x?
3
Let o be 578/8 + (-15)/60. Let m = -37 + o. What is the units digit of m?
5
Suppose -3*y - b = 8, -4*y - 2 = -2*y + 4*b. Let t be -6*(-2)/(-3) - y. Let n = 14 - t. What is the tens digit of n?
1
Let f be -1*(-3 - (-9)/(-1)). What is the tens digit of 4 + 3/(f/32)?
1
Suppose 0 = -t + 133 - 2. Let l = 184 - t. What is the units digit of l?
3
Suppose 11 + 9 = 4*x. Suppose -9 = -x*g + 11. Suppose -g*j + 14 = 6. What is the units digit of j?
2
Let j be (-6)/(-10) + 576/40. Suppose 8*a - j = 3*a. What is the units digit of a?
3
Suppose 2*w - 92 = -5*c, -2*c - w + 33 = -4*w. What is the units digit of c?
8
Suppose -5*q + 13 = -y, 2*q - 3*q = 2*y - 7. Let n be (2 - q)/((-4)/40). Suppose 2*k = 5*s - n, -2*k - 6 = -4*s + s. What is the units digit of s?
2
Let n = 67 - 36. What is the tens digit of n?
3
Suppose -4*a = 2*t - 6, 2*a = -t - 3*a. Let k = 2 + t. What is the units digit of k?
7
Suppose -2*o + o = -20. What is the units digit of o?
0
Suppose -4*k - 2*r + 54 = -0*k, 0 = 4*k + r - 53. Let b be -1*(-2 - 2/(-1)). Let g = k - b. What is the tens digit of g?
1
Suppose 0 = -5*y + 4*k + 14, 3*y - k - 14 = -0*y. Suppose 2*j - 5 + 15 = 3*g, 2*j - y = -5*g. Let r = 5 + j. What is the units digit of r?
3
Suppose -18 = -j - 3. Suppose 0 = 5*c - j, 14 = -4*k - 2*c + 56. What is the units digit of k?
9
Let t = -57 - -186. What is the tens digit of t?
2
Let o = 65 - 5. What is the tens digit of o?
6
Let g = 14 - 20. Let t = g + 10. What is the units digit of t?
4
Suppose -4*g = -5*z - 4, -5*z + 5 = 5*g - 10*z. Suppose -38 - g = -3*v. What is the units digit of v?
3
Let j = 22 - 31. Let m = 16 + j. What is the units digit of m?
7
Suppose -76 = -2*j - 4*d, -j - 4*d + 48 = -0*j. What is the units digit of j?
8
Suppose -n + 20 = 3*z, 0 = -5*z + 3*z + 2. Let f = n - 8. What is the units digit of f?
9
Let a be ((-12)/(-30))/((-2)/(-5)). What is the units digit of 396/24 + a/(-2)?
6
Let d = -22 - -62. Suppose -2*y = -18 - 28. Let s = d - y. What is the tens digit of s?
1
Suppose 3 = 2*i - 5, 0 = 4*d + 5*i - 132. What is the units digit of d?
8
Let d(u) = -4*u - 5*u**2 - 5 + 0*u**3 - 3 + u**3. Suppose -3*l = -4*g - 0*g - 26, -32 = -5*l + g. What is the units digit of d(l)?
4
Let a = -3 + 3. Suppose 2*t + t - 9 = -3*d, a = -t - 3*d + 7. Suppose 4*x = 3 + t. What is the units digit of x?
1
Suppose -5*k - 8 = -3*k. What is the tens digit of 2/k + 51/2?
2
Let p = -80 - -117. What is the tens digit of p?
3
Suppose 0 = -2*j + 445 + 187. What is the units digit of j?
6
Let l(j) = -j**3 - 5*j**2 - j - 12. What is the tens digit of l(-6)?
3
Let n = -1 + 3. Suppose -n*f + 14 = -10. What is the units digit of 3/f + 7/4?
2
Suppose f = -l - 18, 0*f + 2*f = l + 12. Let x = 9 - 37. Let d = l - x. What is the tens digit of d?
1
Let w be ((-20)/(-1) + 1)*2. Let l = -26 + w. What is the units digit of l?
6
Suppose 4*t = -n + 99, -4*t = t - 3*n - 111. What is the units digit of t?
4
Let p(q) = -q**2 - 3*q + 31. What is the tens digit of p(0)?
3
Let h = -6 + 11. Suppose -3*v = 3*i - 0*i, -8 = 3*v + h*i. What is the units digit of v?
4
Let b be (-26)/(-8) + (-1)/4. Suppose -b*k + 36 = k. What is the units digit of k?
9
Let s be (-2)/(0 + (-4)/10). Suppose s*k - p - 19 = 3*p, -4*p - 1 = k. Suppose 3 + 6 = -k*a, -c = 5*a + 10. What is the units digit of c?
5
Let z = -4 - -6. Suppose 0 = z*f - 3 - 33. What is the units digit of f?
8
Let a(d) be the second derivative of -d**5/20 - d**4/2 - d**3 - d**2/2 - 2*d. What is the units digit of a(-5)?
4
Suppose 16 = -u + s + 4*s, u + 5*s = 4. Let q = u - -3. What is the tens digit of 4 + q - (-11 + 1)?
1
Suppose s + s - 148 = -5*l, 4*s = -3*l + 268. What is the units digit of s?
4
Suppose -5*r = 4*b + 6, 0*r + 6 = -2*r + 2*b. Let n be r/(((-6)/(-50))/(-3)). Suppose -5*o = d - 2*d - n, -4*d - 56 = -4*o. What is the units digit of o?
9
Suppose -b + 194 + 52 = 0. What is the tens digit of b?
4
Let p(n) = 4*n**2 - 1. Let d be p(-1). Suppose 2*j + d*v = -j + 6, -2*v = 4*j - 14. Suppose -2*b = o - 9, -3 = -b + 5*b - j*o. What is the units digit of b?
3
Let x(f) = 3*f + 5. Suppose 0 = -2*i + i - 7. Let g be x(i). What is the units digit of (g/12)/((-2)/12)?
8
Suppose -4*p = -2*j + 5*j - 145, 3*j + p - 142 = 0. What is the tens digit of j?
4
Let j(n) = n - 9. Let s be j(-9). Let p be 27/s*4/(-3). What is the units digit of (p - 4)*1/(-2)?
1
Suppose -21 = -5*g - 6. What is the units digit of g?
3
What is the tens digit of (3 + 0)*865/15?
7
Suppose -3*j + 36 + 48 = 0. What is the tens digit of j?
2
Suppose -2*g = -5*o + 1705, 3*g + 0*g = 2*o - 671. What is the units digit of o?
3
Suppose 0 = 3*i - 2*i - 3. Let h = 5 + -2. Suppose -i*a + 2*a + h*f = -23, -f = 5*a - 35. What is the units digit of a?
8
Let v(h) = -h**2 - 6*h - 3. Let p be v(-4). Suppose 4*q - 106 = -3*c - 20, c = 5*q - 98. Suppose -l + p*l = q. What is the units digit of l?
5
Suppose 0 = 4*n - l + 5, 4*n + 0*l - 15 = -3*l. Suppose 3*m + n + 6 = 0. Let h(w) = -2*w**3 - w**2 + 4*w + 3. What is the units digit of h(m)?
7
Let j be ((-16)/(-6))/(-4)*-12. Let v(u) = u**3 - 7*u**2 - 6*u - 9. What is the units digit of v(j)?
7
Suppose 3*b = 8*b - 550. What is the hundreds digit of b?
1
Let f = 77 + -9. What is the units digit of f?
8
Let u(j) = -j**3 + 19*j**2 + 13. What is the units digit of u(19)?
3
Let c = 4 + -1. Suppose -4*m - 9 = c. What is the units digit of m/3 - -2 - -7?
8
Let i(u) = -2*u**3 - 4*u**2 - 3*u - 2. Let b = -1 + -1. Let t be i(b). What is the units digit of (t/10)/((-3)/(-150))?
0
Let l be ((-6)/(-18))/(1/6). Suppose -16 - 20 = -3*v + l*o, -v - 5*o = 5. What is the units digit of v?
0
Let o(p) = p**2 - 6*p + 2. Let q be o(6). Suppose 4*r - 